Let m(r) be the second derivative of 1/5*r**5 + 0 - 5*r - 1/12*r**4 + 0*r**2 + 1/6*r**3. What is m(1)?
4
Suppose -19*m - 80 = -3*m. Let w(y) = y**2 - 8*y - 8. Let b(i) = -4*i**2 + 24*i + 25. Let d(k) = -2*b(k) - 7*w(k). Give d(m).
-9
Let z(k) = 43 - 34 - 9*k + k**3 + 2*k + 6*k**2 - k. What is z(-7)?
16
Let p(r) be the first derivative of -3 - r**2 + 1/3*r**3 - 3*r + 1/4*r**4. What is p(-2)?
-3
Suppose 0 = -5*y - 7 + 2. Let v(x) be the third derivative of x**8/6720 + x**7/2520 - x**4/8 - x**2. Let m(f) be the second derivative of v(f). Calculate m(y).
0
Let z(p) be the first derivative of -5*p**2/2 - 13*p - 6. Let x(u) = -2*u - 6. Let t(f) = -7*x(f) + 3*z(f). What is t(-4)?
7
Suppose 2 = -3*y + 4*y + 2*f, 1 = -5*y + f. Let a(q) = 0*q + 9*q - 5*q + 9 - 3*q. What is a(y)?
9
Let f(m) = m**2 - 2. Let z be -11 - (6/2 + -5). Let w = z - -9. Suppose w = 2*t + 2*t. Give f(t).
-2
Let c(h) = -h**3 - 6*h**2 - h - 4. Suppose 0 = -j - 3 - 3. Calculate c(j).
2
Let w be (-1)/((6/4)/(-3)). Suppose 2*q + q = -w*s + 6, -2*s + 6 = q. Let f(y) = -2*y - 8 - 4*y - y**2 + 5*y. Calculate f(q).
-8
Let r(f) = -5 - 7*f**3 + 0*f**2 + 2*f**2 - 2*f + 6. Let j be -4 - 1/((-4)/20). Determine r(j).
-6
Let w be (-308)/35 + (-2)/10. Let d(q) = q + 15. Let k be d(w). Let p(x) = -x + 5. Give p(k).
-1
Let a(d) = -d**3 + 5*d**2 + 7*d - 3. Let p be a(6). Let x = -8 + p. Let i(b) = -6*b**2 + 5*b**2 - 5 + 2*b**2 + 4*b. Determine i(x).
0
Let i(m) = m**2 - 8. Let d be (3 - 4)/((-1)/(-9)). Let w = -9 - d. Calculate i(w).
-8
Suppose 19 = -4*z + z - o, -5*z - 5*o = 35. Let q(r) = r**2 + 7*r + 6. Determine q(z).
0
Let f = -6 + 8. Let p be (-1)/3*(-13 + 10). Let o(z) = 1 + p + 3 - f - z. Determine o(4).
-1
Let p(q) = q - 1. Let h(v) = -4*v + 1. Let z(i) = h(i) + 5*p(i). What is z(-6)?
-10
Let d(h) be the first derivative of h**3 + h + 1. Suppose -f + 4*f - 24 = 0. Suppose 5*i + f = 3. Give d(i).
4
Let g = -2 - -3. Let x(i) = 3*i**3 - i + 1. Calculate x(g).
3
Suppose -16 = 2*q - 4*x, q - 7 = -0*q - 3*x. Let a(y) = -y**3 - 2*y**2 + y. Let s be a(q). Let k(j) = -j**2 + j. What is k(s)?
-6
Let v(h) be the second derivative of h**3/6 + 3*h**2 + h. Give v(0).
6
Let w(a) be the second derivative of -a**4/12 - 5*a**3/6 + 3*a**2/2 - 17*a. Determine w(-4).
7
Let f be -3 + (-2)/(-2) - -6. Let n(d) = 2*d**3 - 6*d**2 - 8*d - 13. Let p(m) = -m**3 + 3*m**2 + 4*m + 6. Let t(z) = 3*n(z) + 7*p(z). Give t(f).
3
Let v(y) = -7*y**3 + 11*y**2 + y + 6. Let o(w) = 20*w**3 - 32*w**2 - 3*w - 17. Let p(k) = -6*o(k) - 17*v(k). Suppose -8 = t - 3*t, -5*f + 9 = -4*t. Give p(f).
5
Let r(o) = 0 - 1 - 1 + 1 - 9*o. Give r(2).
-19
Let z(c) = 11*c**2 + 2*c + 1. Let m = 16 + -11. Suppose 3*i = -3*f - 2 - 16, -15 = m*i + 2*f. What is z(i)?
10
Suppose -u + 1 + 0 = 0. Let g be 1/u*(1 + 0). Let a(x) = -x**2 + g + 2*x + x + 3*x**2. Give a(-2).
3
Let q be (-4)/(-10) + 84/15. Let p = q - 3. Let w(g) = -g**2 + 3*g - 4. What is w(p)?
-4
Suppose -3 = 4*a + 5*p + 40, 5*a = -5*p - 50. Let b(k) = -k + 1. Let y(j) = -2*j + 0*j + 3 + 0*j. Let o(x) = a*b(x) + 3*y(x). Calculate o(-4).
-2
Let t(q) = -4*q + 2. Let u(z) = -20*z + 11. Suppose -17 - 3 = -5*m. Suppose -m*x - 5*l + 59 + 10 = 0, 0 = -5*l + 25. Let s(n) = x*t(n) - 2*u(n). Calculate s(1).
-4
Suppose 5*u + 5*p = -30, 2*p = u + p. Let g be 3/27*3*u. Let w(s) = -4*s**2 - s - 3*s**2 + 2*s. Give w(g).
-8
Let y = 4 + -2. Let m be (y - 8/1) + 1. Let x(n) = 1. Let s(t) = -t**2 - 6*t - 8. Let z(g) = s(g) + 6*x(g). Give z(m).
3
Let h(o) = o**2 + 5*o - 2. Let t(g) = -g - 4. Suppose -5*z + 15 = -l, l - 8 = z + 3*l. Suppose -i - z*i = 0. Let n be t(i). What is h(n)?
-6
Suppose -9 + 134 = 5*j. Suppose 5*n + j = -0*n. Let l(p) = p**3 + 6*p**2 + 6*p - 2. Give l(n).
-7
Let f(w) = w**3 - w - w + 5*w**2 + w - 3. Let o(p) = p - 1. Let x be o(6). Let y(z) = -z. Let d be y(x). Determine f(d).
2
Let m(j) be the second derivative of j**5/20 + 7*j**4/12 + 7*j**3/6 + 7*j**2/2 - 5*j. Determine m(-6).
1
Let p(h) = 10*h**3 + 7*h**3 - 5*h**2 - 3 + 2 - 16*h**3. What is p(5)?
-1
Let y(b) = -b - 6. Let v be ((-5)/(-15))/(1/(-12)). Give y(v).
-2
Let o(r) = -2*r - 2. Let b be 2 + (-2 - 1) - 2. Calculate o(b).
4
Let v(j) = j. Let n be v(4). Let l(w) = 10*w**3 - 5*w**2 + 3*w + 6. Let o(u) = -7*u**3 + 3*u**2 - 2*u - 4. Let q(c) = -5*l(c) - 7*o(c). Calculate q(n).
-6
Let r = 2 - 7. Let a = r - -3. Let w(z) = 3*z**2 + 2*z + 1. What is w(a)?
9
Let f(v) = 5*v**3 + 2*v**2 - 9. Let t(g) = -14*g**3 - 7*g**2 - g + 26. Let m(y) = -11*f(y) - 4*t(y). What is m(-4)?
11
Let n(j) = 52*j - 21*j - 26*j + 2. Give n(-2).
-8
Let p(x) = -2*x**3 - 3*x + 2*x**3 - 1 - x**3 - 4*x**2. Suppose 2*v = -2*v. Let i = -2 - v. Give p(i).
-3
Let l(b) = -4*b**2 + 3*b. Let r(h) = -1 + 0*h - 3*h**2 + 1 + 4*h. Let t(g) = 2*l(g) - 3*r(g). What is t(6)?
0
Let x(u) = 7*u + 14. Let b(s) = s + 1. Let z(w) = -6*b(w) + x(w). Let o(f) = -f. Let c(t) = -2*o(t) - z(t). Calculate c(-6).
-14
Let o(l) = -l**2 + l + 1. Suppose 9*g + 10 = 4*g, 5*c = 2*g + 9. What is o(c)?
1
Let z be (-1 + 3)/((-1)/(-2)). Let s(w) be the second derivative of w**4/12 - 2*w**3/3 - w**2 + 2*w. What is s(z)?
-2
Let x = 16 + -9. Let w(f) = f**2 - 2*f**2 + 6*f**2 - x*f**2 + f. Calculate w(-1).
-3
Let r(h) be the third derivative of h**4/12 + h**3/6 + h**2. Suppose -3 + 7 = 2*c. Suppose c*u - 5 = -3*u. Give r(u).
3
Let i(o) = 6*o - 1. Let d(j) = 2 + 2 - 1 - 2. Let k(g) = -2*d(g) - i(g). What is k(-1)?
5
Let y(z) = -2*z - 2. Let d(k) = k**2 - 15*k + 12. Let h be d(14). Let b(t) = t**3 + 4*t**2 + 2*t - 1. Let s be b(h). Give y(s).
-8
Let x(j) = -j**3 - 5*j**2 + j - 2. Let q be 2 + 0*(-2)/(-4). Suppose -6*l = -q*l. Let y(t) = t - 5. Let z be y(l). What is x(z)?
-7
Let h(g) = g - 1. Let t be -3 - -16 - (2 - 2). Let p be (108/30)/((-4)/(-10)). Let l = p - t. Determine h(l).
-5
Let j = -5 - 1. Let k(s) = -6*s**3 - 3*s**2 - 14*s - 10. Let o(g) = 5*g**3 + 2*g**2 + 13*g + 9. Let c(d) = j*k(d) - 7*o(d). Determine c(-5).
7
Suppose 2*l + 3 = y - 2, 0 = 5*y + 3*l - 25. Let a = y + -1. Suppose 4*o + 8 = -4*k, 0 = -a*o - k - 0 + 1. Let b(n) = -2*n. Determine b(o).
-2
Suppose 5*x + 3 = 48. Let l(g) = 8*g**2 + 17*g + 17. Let w(f) = 2*f**2 + 4*f + 4. Let y(b) = x*w(b) - 2*l(b). What is y(-2)?
6
Let f be 6 + -9 - (1 + -4). Let w(x) be the third derivative of -1/6*x**4 + 1/6*x**3 + 0*x + f + 2*x**2. Calculate w(-1).
5
Suppose 2*k - 5*k = -3*a + 75, -k - 37 = 3*a. Let i be k/(-4) + -2 + 0. Let j(m) = 3 + i*m + 2*m - 3*m. Calculate j(-2).
-5
Let z(l) = 3*l + 2. Let f be ((-4)/6)/((-1)/3). Suppose 0 = -f*t - 3 - 3. What is z(t)?
-7
Let u(m) = 6*m - 1. Let i = -7 + 7. Let p = 2 - i. Calculate u(p).
11
Suppose 2*b + 22 = -0*b - 2*l, -15 = 5*b - 3*l. Let w(f) = f + 3. Let h be w(0). Let v(d) = -h + 10 + 2*d + 0. Calculate v(b).
-5
Let z(b) = -414 + 412 - 2*b - 3*b - b**2. Determine z(-3).
4
Let x(t) = 5*t**3 - 9*t**2 + 7*t + 9. Let m(s) = -2*s**3 + 3*s**2 - 2*s - 3. Let p(d) = -8*m(d) - 3*x(d). Let r be (1/2 + 2)*80/(-50). What is p(r)?
1
Let b(p) = 1 + 37*p - 34*p + 5*p**2 - 5 + 2 + p**3. Determine b(-3).
7
Let x(l) = 4*l - 9. Let c(y) = -y. Let w(a) = 5*c(a) + x(a). What is w(-9)?
0
Let g(x) be the first derivative of -2*x**2 + 1/3*x**3 + 4*x + 3. Determine g(3).
1
Let n be ((-32)/24)/(4/(-18)). Let r(u) = -u**2 + 6*u + 4. Calculate r(n).
4
Let j(y) = -1 + 2*y - 3 - 6 - 3*y. Calculate j(0).
-10
Let s(q) be the first derivative of -5/2*q**2 - q + 6 + 1/3*q**3. Let d(k) = k - 1. Let b be d(4). Give s(b).
-7
Let j be 6/9*18/(-4). Let g be j + 0 + (-5)/(-1). Let y(s) = 1 + 9*s - s**3 + 1 - 3*s - 5*s**g - 3. What is y(-6)?
-1
Let g = 1 - -1. Let v(q) = 6*q**2 + q**3 - 7*q**2 - 8 - g*q + q. What is v(0)?
-8
Let g = 4 + -4. Let k(n) = 0 + 2 + 2*n + g. Let y(i) = i - 10. Let z be y(7). Determine k(z).
-4
Let h(f) = -5*f**2 - 4*f. Let c(p) = 4*p**2 + 4*p + 1. Let n(u) = 6*c(u) + 5*h(u). Let b be 20/6*3/2. Give n(b).
1
Let n(o) = -o**3 + 3*o**2 + 6*o - 6. Let y be n(4). Let f(h) = -y*h + h**2 + 0*h + 3*h - 2 - 2*h. Calculate f(-2).
4
Let t(x) = -x - 1. Suppose -g = 3*b - 1, b + 2*b = -3*g + 15. Suppose -2*j + g*j - z = 15, -4*z - 16 = 2*j. Let w be 2 + (-3)/(-6)*j. Calculate t(w).
-4
Let r(y) = -y**2 + 2*y + 1. Let w = 133 + -136. Give r(w).
-14
Let t(z) = -z**3 - 3*z**2 + 2*z + 2. Suppose -2*i + 4 = 0, -3*d + 2*d + 7 = 5*i. Calc